?
261
Calculate the highest common divisor of 1040 and 14740.
20
Calculate the highest common factor of 41311 and 6213.
109
Calculate the greatest common divisor of 1730 and 10553.
173
Calculate the greatest common factor of 33024 and 320.
64
What is the greatest common factor of 244 and 1282952?
244
What is the highest common factor of 117544 and 16?
8
Calculate the greatest common factor of 2520 and 155520.
360
What is the greatest common divisor of 180719 and 132?
11
What is the highest common factor of 4 and 349?
1
What is the greatest common factor of 2021 and 301?
43
What is the highest common factor of 7412 and 46216?
436
Calculate the greatest common factor of 185 and 423946.
37
What is the greatest common factor of 8033 and 3601?
277
Calculate the highest common divisor of 37270 and 30.
10
What is the greatest common factor of 4485 and 2875?
115
Calculate the highest common divisor of 1064 and 15808.
152
What is the greatest common divisor of 36404 and 2242?
38
What is the greatest common factor of 86913 and 74?
37
What is the greatest common factor of 24 and 4062?
6
Calculate the highest common factor of 7 and 467579.
7
Calculate the highest common factor of 3369 and 37.
1
Calculate the greatest common factor of 468503 and 1519.
217
What is the highest common divisor of 14 and 2457854?
14
What is the highest common factor of 3844 and 20?
4
Calculate the greatest common factor of 21 and 196343.
7
Calculate the highest common factor of 9264497 and 671.
671
Calculate the highest common divisor of 1715 and 30625.
245
What is the greatest common divisor of 4698 and 1674?
54
Calculate the greatest common factor of 140 and 875476.
28
Calculate the greatest common factor of 6250 and 20.
10
What is the greatest common divisor of 1064 and 3096?
8
What is the greatest common divisor of 6 and 966054?
6
Calculate the greatest common factor of 2323 and 38582.
101
What is the highest common factor of 36000 and 1504?
32
Calculate the greatest common factor of 96745 and 605.
55
Calculate the highest common factor of 9269 and 89999.
299
What is the highest common divisor of 33208 and 5152?
56
What is the greatest common factor of 9917 and 94?
47
Calculate the highest common factor of 1216 and 31072.
32
Calculate the greatest common factor of 1918 and 1246.
14
Calculate the highest common factor of 262750 and 125.
125
Calculate the highest common divisor of 2146 and 239.
1
What is the greatest common factor of 32 and 99616?
32
What is the greatest common factor of 10 and 160295?
5
What is the greatest common divisor of 437 and 12811?
23
Calculate the highest common divisor of 436245 and 27305.
635
Calculate the greatest common divisor of 3434224 and 16.
16
What is the highest common divisor of 11780 and 53320?
620
Calculate the highest common factor of 392 and 4888.
8
Calculate the greatest common factor of 1312 and 5084.
164
Calculate the highest common factor of 46154 and 141.
47
Calculate the highest common factor of 35784 and 7242.
426
What is the greatest common factor of 823 and 3?
1
What is the greatest common factor of 2 and 80464?
2
What is the greatest common divisor of 6164 and 2412?
268
What is the greatest common divisor of 32859 and 3?
3
What is the highest common divisor of 393949 and 159?
53
What is the greatest common factor of 45 and 3994365?
15
What is the highest common divisor of 148369 and 505?
101
What is the highest common factor of 3858 and 288?
6
What is the highest common divisor of 39 and 26013?
39
Calculate the greatest common factor of 18105 and 9605.
85
Calculate the greatest common factor of 15595 and 10.
5
Calculate the highest common divisor of 88655 and 10115.
595
What is the highest common factor of 55 and 16737?
1
Calculate the greatest common factor of 90 and 158820.
30
Calculate the greatest common divisor of 12 and 1653.
3
What is the highest common divisor of 31234 and 24638?
194
Calculate the highest common divisor of 7636 and 188908.
332
Calculate the greatest common factor of 156022 and 4706.
362
What is the greatest common divisor of 1801 and 1?
1
Calculate the highest common divisor of 545 and 6758.
109
Calculate the highest common factor of 478969 and 3764.
941
Calculate the highest common divisor of 8152 and 5744.
8
What is the highest common divisor of 9964 and 371?
53
Calculate the greatest common factor of 125 and 1825.
25
Calculate the greatest common factor of 4 and 9118.
2
Calculate the greatest common divisor of 920161 and 4048.
253
What is the highest common divisor of 1038735 and 205?
205
Calculate the highest common divisor of 3530 and 310.
10
Calculate the highest common divisor of 427 and 32574.
61
Calculate the greatest common divisor of 518441 and 1001.
77
What is the greatest common divisor of 3682 and 15254?
526
Calculate the highest common divisor of 304 and 2536.
8
Calculate the greatest common divisor of 1008 and 381920.
112
Calculate the highest common divisor of 8096 and 3168.
352
Calculate the greatest common factor of 3035 and 4685.
5
What is the greatest common factor of 45747 and 9936?
207
Calculate the greatest common divisor of 63135 and 1.
1
What is the highest common factor of 75 and 60675?
75
What is the greatest common factor of 4617 and 80579?
19
What is the highest common factor of 118884 and 24?
12
What is the highest common factor of 768 and 4848?
48
Calculate the highest common divisor of 1971249 and 413.
413
What is the highest common factor of 85170 and 90?
30
What is the greatest common factor of 1145683 and 1078?
77
Calculate the highest common factor of 405 and 2495.
5
Calculate the greatest common factor of 19276 and 1580.
316
What is the highest common divisor of 462 and 501996?
66
Calculate the highest common divisor of 215165 and 2415.
115
Calculate the highest common divisor of 427 and 195383.
61
What is the highest common factor of 3 and 120711?
3
Calculate the greatest common factor of 364 and 19166.
14
Calculate the greatest common divisor of 14571 and 1179.
9
Calculate the highest common factor of 16415 and 37485.
245
Calculate the highest common factor of 161847 and 15435.
441
Calculate the highest common divisor of 275033 and 363.
121
What is the greatest common divisor of 2070 and 102?
6
Calculate the greatest common divisor of 7350 and 4800.
150
What is the highest common factor of 20 and 8524?
4
Calculate the highest common factor of 1276 and 64086.
22
What is the greatest common factor of 608 and 288?
32
Calculate the greatest common divisor of 133031 and 77528.
881
What is the highest common divisor of 9555 and 4011735?
1365
What is the highest common divisor of 1596374 and 338?
338
Calculate the highest common divisor of 251776 and 140.
28
Calculate the greatest common divisor of 28 and 50638.
14
What is the greatest common factor of 8636 and 170?
34
Calculate the highest common factor of 394 and 354797.
197
Calculate the highest common divisor of 589766 and 46.
46
Calculate the greatest common factor of 3393 and 4680.
117
Calculate the highest common divisor of 1002 and 523378.
334
What is the greatest common divisor of 791 and 16724?
113
Calculate the highest common divisor of 321389 and 4616.
577
What is the highest common factor of 348 and 28092?
12
What is the greatest common factor of 671 and 45933?
61
Calculate the highest common factor of 56 and 43192.
8
Calculate the greatest common factor of 14 and 23366.
14
Calculate the highest common divisor of 533 and 34358.
41
Calculate the greatest common divisor of 1638 and 202293.
819
What is the highest common divisor of 732 and 4164?
12
What is the highest common divisor of 28150 and 400?
50
Calculate the greatest common factor of 24783 and 891.
33
Calculate the highest common factor of 864 and 1500.
12
Calculate the highest common factor of 598935 and 30.
15
Calculate the highest common divisor of 51640 and 4120.
40
Calculate the greatest common factor of 430 and 13287.
43
Calculate the highest common factor of 220 and 54956.
44
What is the highest common factor of 81 and 20871?
27
What is the greatest common divisor of 5450 and 1850?
50
Calculate the greatest common divisor of 207 and 31533.
69
What is the greatest common factor of 7218 and 17243?
401
Calculate the highest common factor o